 43 = y*n. What is the units digit of r?
9
Suppose -v - 8 - 3 = 0. Let l(r) = r**2 + 10*r + 8. What is the units digit of l(v)?
9
Suppose 1030 = -159*s + 164*s. What is the units digit of s?
6
Suppose 3*v - 113 = 205. Suppose 3*i = -15, -i = 3*s + 39 - v. Suppose 4*h - 2*h = -m + 6, 2*m = -h + s. What is the tens digit of m?
1
Let f(w) = 4*w**2 - 1 + 5 - 3. Let u = -62 - -61. What is the units digit of f(u)?
5
Let w be (-18)/30 + 249/15. Let k = -7 + w. What is the units digit of k?
9
What is the units digit of 3 + (-5)/15*-249?
6
Suppose 88 = -24*z + 26*z. What is the units digit of z?
4
Let k = -5 - -8. Suppose 2*w = m - 2*m + k, 3*w - 3 = -m. Suppose 8 = 2*p - w*p. What is the units digit of p?
4
Let h(x) = x**2 - 7*x - 3. Let k be h(8). Let j(p) = p**2 - 2*p - 6. What is the units digit of j(k)?
9
Suppose 0 = -5*s + 59 + 16. What is the tens digit of s?
1
Let z(x) = -x + 1 - 4 + 9 + 6. What is the units digit of z(-9)?
1
Let u(m) = -m**2 + 4*m + 116. What is the hundreds digit of u(0)?
1
Suppose 0 = 3*j - 0*s - 4*s - 32, 5*j - 2*s = 30. Suppose 5*q = -l + 138, -4*l + 102 = j*q + l. What is the tens digit of q?
2
Suppose -3*v + 22 = -47. Suppose h - v = -3. What is the tens digit of h?
2
What is the tens digit of (28*(-1 + 0))/(-1)?
2
Let f = 220 + -96. Suppose 9*k - f = 5*k. What is the tens digit of k?
3
Suppose -8*b - 812 = -12*b. What is the hundreds digit of b?
2
Let s(a) = a**2 + 3*a - 5. Let z be s(-5). Suppose -z = -j + 3. What is the units digit of j?
8
Let j(c) = -2*c - 11. Let t be j(-7). Let x = -7 + 4. What is the units digit of (7/t)/(x/(-9))?
7
Suppose -2*o + w = -4*w + 5, 5*o = w - 1. Suppose 3 + 2 = d, -x - 3*d + 23 = o. What is the units digit of x?
8
Suppose -3*y + 12 = -3. Suppose -4*z = 3*p - 270, -y*z + 42 + 292 = 2*p. Suppose 4*w + 22 = z. What is the tens digit of w?
1
Let b(l) = -l**3 - 3*l**2 - 3. Let u(q) = 3*q**3 + 6*q**2 - q + 5. Let a(r) = 5*b(r) + 2*u(r). What is the units digit of a(4)?
3
Suppose 3*z - 3*a = 108, -3*z - 2*a + 100 = 3*a. What is the tens digit of z?
3
Suppose 24*y = 26*y - 142. What is the tens digit of y?
7
Let d = 0 + 0. Let z(b) = -b + 1. What is the units digit of z(d)?
1
Let l(x) = -x**2 + 9*x + 12. Let y be l(10). Suppose -y*p + 30 = -p - 2*g, 2*g - 74 = -3*p. What is the tens digit of p?
2
Let b = 280 - 46. What is the units digit of b?
4
Suppose t + 49 = -4*c - 1, 0 = 4*t - c + 285. What is the units digit of ((-2)/(-7))/((-10)/t)?
2
Suppose -93 + 373 = 7*w. What is the tens digit of w?
4
Suppose -3*z = -3*o - 279, 2 = 3*o + 17. What is the units digit of z?
8
Let k be (-120)/(-28) - (-2)/(-7). Suppose -11 - k = -5*y. What is the units digit of y?
3
Let f be (2/1)/(1 + 0). Suppose -8 = 4*y - f*y. What is the units digit of (-1 + 0)/1 - y?
3
Suppose 4*l + 5*r - 41 = l, -2*r - 10 = 0. What is the tens digit of l?
2
Let s(r) = 8*r + 16. What is the tens digit of s(10)?
9
Let r = 506 - 767. Let m be 2/8 + r/(-12). Let q = m - 13. What is the units digit of q?
9
What is the tens digit of (2/3)/(2/51)?
1
Let x(t) = t**2 - 3. Let s be x(0). What is the units digit of ((-2)/s)/((-2)/(-93))?
1
What is the units digit of (-6)/1*56/(-6)?
6
Let x = -156 - -274. What is the hundreds digit of x?
1
Let c(l) = -l**3 - l**2 - 2*l + 137. What is the tens digit of c(0)?
3
Suppose 6*u - 64 = 56. What is the units digit of u?
0
Let p(d) = -d**3 + 8*d**2 - 9*d + 6. Let t be p(7). What is the units digit of (-4)/(-6)*(-60)/t?
5
Let k(w) = w**3 + 6*w**2 + 3*w - 2. Let x be k(-5). Suppose -x - 4 = 3*p. What is the units digit of ((-2)/(-3))/(p/(-30))?
5
Suppose 0*z = 5*z - p - 372, -3*z = 2*p - 231. What is the tens digit of z?
7
Let q = -5 - -7. Suppose -2*m = 4*i - 24, i + 27 = m - q*i. Suppose 18 = 4*z - m. What is the units digit of z?
9
What is the units digit of 73/3 - 5/15?
4
Let n(v) = -v + 1. Let y be n(-2). Suppose 2*p + 5*u - 5 = -3*p, u - 13 = -y*p. Let h = p + 7. What is the units digit of h?
3
Suppose -31*g + 73 = -30*g. What is the tens digit of g?
7
Let u be (-8*3/(-6))/(-2). Let i = 2 - u. What is the units digit of i?
4
Let k(g) = 2*g - 10. Let f(t) be the second derivative of t**3/3 - 11*t**2/2 + 2*t. Let u be f(9). What is the units digit of k(u)?
4
Let s = -18 + 21. Suppose 0 = s*j - 11 - 109. What is the units digit of j?
0
Let x(j) = j - 1. Let m be x(5). Suppose 0 = -4*n - 20, 3*i = 2*i - m*n + 21. What is the tens digit of i?
4
Suppose -3*k = -0*k - 18. What is the tens digit of 8 - (-4)/k*3?
1
Suppose -2*x = -5*p + 3*p - 6, 5*x + 2*p = 22. Suppose 0 = -i + 4*n + 1, 3*i + 2 = i + x*n. Let t(o) = -o**3 - 2*o**2 - 1. What is the units digit of t(i)?
8
Let u(c) = c**3 - 15*c**2 - 8*c + 35. What is the hundreds digit of u(16)?
1
Suppose 3*k + 2*p = 6*p + 183, 3*p + 9 = 0. What is the tens digit of k?
5
Suppose 0 = -d - 4*v - 18 - 16, 29 = -d + v. What is the tens digit of d/(-2) + 2 + -3?
1
What is the tens digit of (-5)/((-25)/15)*17?
5
Let s = 7 + -10. What is the tens digit of 47 + s - 4/2?
4
Let o(c) = c - 5. Let f be o(7). Suppose -2*q + 84 = f*q - 2*m, q = 4*m + 35. Let l = q + -10. What is the units digit of l?
9
Let j be (0 - 2) + -3 - -1. Let z(p) = -3*p + 1. What is the units digit of z(j)?
3
Suppose -4 = -3*s - 2*u, -s = 5*u - u + 12. Suppose 0 = 3*c - s*c + 15. Suppose 12 = 3*y, -3*j - 5*y + c + 17 = 0. What is the units digit of j?
4
Let n = 8 - 1. What is the units digit of n?
7
Suppose 27 = 4*a + 7. Suppose 0 = -2*b + 3*v - 2*v + 5, 5*b = -v + 30. Suppose -2*x - 3*z + 4 = -5*z, b*z - a = 2*x. What is the units digit of x?
5
Let o = 9 + -4. Suppose -o*b + 2*b = 27. What is the tens digit of b/(-6)*(-152)/(-12)?
1
Let m be 4 + (1 - 0/(-1)). Suppose -23 - 2 = m*o. What is the units digit of (-5)/(o/2) - 1?
1
Suppose 2*g - 40 = -0*g. Let u = g - 11. What is the units digit of u?
9
Let t(f) = -f**2 - 11*f - 12. Suppose 0 = -3*m - 2*u - 35, 0 = -5*m + u + 2*u - 33. What is the units digit of t(m)?
6
Let i = -1 + 4. Suppose 0 = -0*h - 3*h - i. What is the units digit of (-2 + h)*(-2 + 1)?
3
What is the units digit of (-3)/18 - 86/(-12)?
7
What is the units digit of (-7)/((-28)/288) + -1?
1
Let q be 0*(2 - (0 + 1)). Suppose 0 = -0*m - 4*m + 112. Suppose -w - w + m = q. What is the units digit of w?
4
Let v(c) be the third derivative of 5*c**4/6 - c**2. Let i be v(-1). What is the tens digit of (-1 - -2)/((-2)/i)?
1
Suppose -4*k - 5*s = -6*k + 6, 12 = 4*k + 2*s. Suppose k*b + 16 = d - 2, -3*b = -3*d + 42. Suppose -2*w + d = 4. What is the units digit of w?
4
Suppose -5*j + 0*j = -15. Let r be 3/(-2) + j/6. What is the units digit of -1*-11*r/(-1)?
1
Let l be 5 + (0 + 3 - 3). Suppose -w = 2, -5*w + 34 = l*y - 21. What is the units digit of y?
3
Suppose 2*q - q = 2*z - 1, 3*z = -4*q + 18. Suppose -z = -4*l + 2. Suppose 5*w - l - 34 = 0. What is the units digit of w?
7
Suppose 3 = 3*j - 9. What is the units digit of j?
4
Let n be 6/4*14/7. Suppose 3 = 2*t - n. Let q(a) = a**2 - 3*a + 2. What is the units digit of q(t)?
2
Suppose 0 = -0*g - 3*g + 2*w + 58, 0 = 3*g + 4*w - 46. What is the tens digit of 320/g + (-2)/(-9)?
1
What is the units digit of (-14 + 14 - 1/(-4))*244?
1
Let z be (-2)/((-10)/(-4) + -2). Suppose b + 5*v - 22 = 3*b, -4*v = 5*b + 22. Let n = z - b. What is the units digit of n?
2
Suppose 4*u - 749 = -3*y, 0 = -y + 3*y - u - 481. What is the units digit of y?
3
What is the tens digit of ((-3)/9 - -1)/((-20)/(-2070))?
6
Let c be 6/(-12)*(-9 + -1). Suppose c*k - 49 = -9. What is the units digit of k?
8
Let l = 14 - -7. Let q = l + -12. What is the units digit of q?
9
Let m = 91 + -38. What is the units digit of m?
3
Suppose 5*d - 6*d = -6. Suppose 0 = -7*r + d*r + 24. What is the tens digit of r?
2
Let t(q) = -4*q**3 - 10*q**2 - 8*q + 1. Let a(i) = 5*i**3 + 11*i**2 + 8*i - 1. Let d(l) = -5*a(l) - 6*t(l). What is the units digit of d(6)?
1
Suppose -c + 69 = -0*c + w, -w = -2. What is the tens digit of c?
6
Suppose 0*u - 3*u = -141. What is the units digit of u?
7
Suppose 42 = s + s. Suppose -5*u - s - 18 = -4*o, 5*o - 90 = -2*u. Suppose 2*i - o = -0*i. What is the units digit of i?
8
Suppose 0 = 5*p - 5*s - 1075, 0 = -5*p - 5*s + 4*s + 1075. What is the tens digit of p?
1
Suppose -2*d = -5*d - 3*b - 36, 4*d - 4*b + 24 = 0. Let l = -6 - d. What is the units digit of (1 